
Does 3 divide 207?
True
Is 38073 a multiple of 21?
True
Is 4 a factor of 2804?
True
Is 21 a factor of 74403?
True
Does 136 divide 8296?
True
Does 54 divide 10800?
True
Is 31 a factor of 496?
True
Is 145 a multiple of 29?
True
Does 125 divide 9442?
False
Is 1632 a multiple of 24?
True
Is 42 a factor of 2428?
False
Is 3 a factor of 1029?
True
Is 1260 a multiple of 21?
True
Does 12 divide 480?
True
Is 54648 a multiple of 184?
True
Is 260 a multiple of 3?
False
Is 47 a factor of 20081?
False
Does 15 divide 12675?
True
Is 4614 a multiple of 28?
False
Does 33 divide 5511?
True
Does 29 divide 6440?
False
Is 60 a multiple of 4?
True
Is 15 a factor of 28310?
False
Is 26 a multiple of 20?
False
Is 8492 a multiple of 6?
False
Does 12 divide 12?
True
Does 10 divide 83?
False
Is 2875 a multiple of 69?
False
Does 114 divide 44346?
True
Does 41 divide 7400?
False
Is 13 a factor of 43602?
True
Is 710 a multiple of 5?
True
Is 3565 a multiple of 115?
True
Is 2774 a multiple of 127?
False
Is 75692 a multiple of 354?
False
Is 426 a multiple of 6?
True
Is 94287 a multiple of 55?
False
Does 34 divide 13441?
False
Does 14 divide 69804?
True
Is 4 a factor of 9589?
False
Is 6468 a multiple of 294?
True
Is 4 a factor of 948?
True
Is 88 a factor of 8448?
True
Does 22 divide 286?
True
Is 8 a factor of 40456?
True
Does 8 divide 3736?
True
Does 33 divide 759?
True
Is 994 a multiple of 29?
False
Does 61 divide 365?
False
Is 45 a factor of 22320?
True
Does 41 divide 36941?
True
Is 38 a factor of 21809?
False
Is 64 a factor of 48997?
False
Does 2 divide 166?
True
Is 524 a multiple of 64?
False
Does 12 divide 139560?
True
Is 26 a factor of 27742?
True
Does 32 divide 387?
False
Does 7 divide 872?
False
Is 3 a factor of 116?
False
Is 291 a factor of 506?
False
Is 6 a factor of 639?
False
Is 9 a factor of 154?
False
Is 107302 a multiple of 13?
True
Does 82 divide 45018?
True
Is 82 a factor of 550?
False
Is 136 a multiple of 8?
True
Is 27561 a multiple of 45?
False
Does 32 divide 2976?
True
Is 51 a factor of 161?
False
Is 14676 a multiple of 72?
False
Does 13 divide 39?
True
Is 23 a factor of 9614?
True
Is 31 a factor of 248?
True
Is 7522 a multiple of 8?
False
Does 7 divide 343?
True
Is 107 a factor of 13803?
True
Is 2215 a multiple of 5?
True
Does 7 divide 55517?
True
Is 4 a factor of 951?
False
Is 60 a factor of 11100?
True
Does 47 divide 25803?
True
Is 26 a factor of 641?
False
Is 202 a multiple of 12?
False
Does 44 divide 741?
False
Is 14985 a multiple of 45?
True
Does 43 divide 2537?
True
Is 165 a factor of 969?
False
Is 920 a multiple of 40?
True
Is 31 a factor of 1417?
False
Is 1504 a multiple of 32?
True
Is 8 a factor of 90?
False
Is 9 a factor of 4926?
False
Does 3 divide 111?
True
Does 10 divide 269?
False
Is 3 a factor of 2093?
False
Is 38 a factor of 14762?
False
Does 7 divide 589?
False
Is 48 a multiple of 3?
True
Is 582 a multiple of 29?
False
Is 8622 a multiple of 9?
True
Does 13 divide 2431?
True
Is 2369 a multiple of 103?
True
Is 1254 a multiple of 11?
True
Is 15 a factor of 795?
True
Is 5 a factor of 33?
False
Is 15928 a multiple of 11?
True
Does 16 divide 1008?
True
Is 502 a multiple of 30?
False
Does 78 divide 858?
True
Does 40 divide 18524?
False
Does 10 divide 5700?
True
Is 1121 a multiple of 12?
False
Is 3422 a multiple of 58?
True
Is 375 a multiple of 25?
True
Is 804 a multiple of 24?
False
Is 2629 a multiple of 57?
False
Does 11 divide 1518?
True
Is 141 a factor of 37975?
False
Is 240 a multiple of 16?
True
Does 30 divide 5100?
True
Does 85 divide 2465?
True
Does 132 divide 9900?
True
Is 5376 a multiple of 84?
True
Is 11 a factor of 5954?
False
Is 15 a factor of 266?
False
Is 1190 a multiple of 10?
True
Is 9 a factor of 15651?
True
Does 30 divide 735?
False
Is 15 a factor of 5610?
True
Is 28 a factor of 1949?
False
Is 24016 a multiple of 316?
True
Does 16 divide 57130?
False
Does 21 divide 41706?
True
Does 21 divide 2205?
True
Is 27450 a multiple of 10?
True
Is 1614 a multiple of 57?
False
Is 22 a factor of 60139?
False
Is 54 a factor of 6534?
True
Is 90 a factor of 5164?
False
Does 28 divide 45388?
True
Does 20 divide 6820?
True
Is 41 a factor of 12155?
False
Is 8734 a multiple of 11?
True
Does 148 divide 3996?
True
Does 3 divide 318?
True
Does 7 divide 215?
False
Does 4 divide 88?
True
Is 4 a factor of 2324?
True
Does 14 divide 415?
False
Is 157733 a multiple of 51?
False
Is 45760 a multiple of 40?
True
Is 50 a factor of 140?
False
Does 228 divide 557?
False
Is 68 a factor of 1194?
False
Is 16 a factor of 4825?
False
Does 4 divide 1819?
False
Does 26 divide 17173?
False
Is 11 a factor of 1379?
False
Is 30 a factor of 2430?
True
Does 39 divide 30275?
False
Is 90 a factor of 709?
False
Does 8 divide 3872?
True
Is 12 a factor of 9211?
False
Is 485 a multiple of 19?
False
Is 39293 a multiple of 25?
False
Is 2305 a multiple of 7?
False
Is 33 a multiple of 2?
False
Is 14 a factor of 6650?
True
Is 2809 a multiple of 53?
True
Does 7 divide 209?
False
Does 16 divide 346?
False
Is 23408 a multiple of 44?
True
Is 13 a factor of 429?
True
Is 41337 a multiple of 27?
True
Is 32550 a multiple of 30?
True
Is 2243 a multiple of 100?
False
Is 14 a factor of 546?
True
Does 4 divide 201?
False
Is 3215 a multiple of 55?
False
Is 97 a multiple of 54?
False
Does 6 divide 156?
True
Is 143 a multiple of 29?
False
Is 4681 a multiple of 31?
True
Is 51 a factor of 1887?
True
Does 14 divide 425?
False
Is 215 a multiple of 43?
True
Is 1136 a multiple of 8?
True
Does 32 divide 736?
True
Does 90 divide 17190?
True
Is 629 a multiple of 12?
False
Is 10032 a multiple of 11?
True
Is 9 a factor of 17919?
True
Does 19 divide 974?
False
Does 73 divide 2238?
False
Does 28 divide 895?
False
Is 66 a factor of 396?
True
Is 43152 a multiple of 232?
True
Is 1561 a multiple of 4?
False
Is 9 a factor of 1404?
True
Is 12 a factor of 483?
False
Is 99 a factor of 5259?
False
Is 4117 a multiple of 23?
True
Does 52 divide 1429?
False
Does 151 divide 10117?
True
Is 210 a multiple of 32?
False
Does 161 divide 11914?
True
Is 126 a factor of 13033?
False
Does 13 divide 117?
True
Does 15 divide 338?
False
Does 36 divide 5770?
False
Is 351 a multiple of 13?
True
Does 12 divide 1824?
True
Is 81 a factor of 648?
True
Does 63 divide 24427?
False
Does 110 divide 3856?
False
Does 15 divide 70899?
False
Is 9 a factor of 3303?
True
Is 6 a factor of 90?
True
Is 7 a factor of 162?
False
Is 27 a factor of 136323?
True
Does 82 divide 6745?
False
Is 1672 a multiple of 44?
True
Does 18 divide 54?
True
Is 11 a factor of 1078?
True
Is 159 a factor of 10335?
True
Is 4125 a multiple of 47?
False
Is 20 a factor of 82240?
True
Does 23 divide 722?
False
Is 11 a factor of 1221?
True
Is 7 a factor of 3819?
False
Does 15 divide 2820?
True
Is 11 a factor of 231?
True
Is 1404 a multiple of 89?
False
Is 13 a factor of 305?
False
Does 46 divide 414?
True
Is 36 a multiple of 21?
False
Is 48 a multiple of 8?
True
Does 15 divide 913?
False
Is 18225 a multiple of 189?
False
Is 437 even?
False
Does 23 divide 55209?
False
Does 14 divide 3864?
True
Is 28 a factor of 2202?
False
Is 29 a factor of 1566?
True
Is 33 a factor of 627?
True
Is 11500 a multiple of 92?
True
Is 3 a factor of 15659?
False
Is 126 a multiple of 18?
True
Is 682 a multiple of 31?
True
Is 13 a factor of 10623?
False
Is 11 a factor of 86?
False
Does 5 divide 132?
False
Is 32 a factor of 61?
False
Is 122 a factor of 4026?
True
Is 22 a factor of 5962?
True
Is 9 a factor of 5523?
False
Is 1832 a multiple of 10?
False
Is 912 a multiple of 32?
False
Is 317 a multiple of 2?
False
Is 52 a factor of 676?
True
Is 376 a multiple of 12?
False
Is 7475 a multiple of 7?
False
Is 400 a multiple of 25?
True
Is 14 a factor of 104?
False
Does 108 divide 8964?
True
Does 75 divide 3072?
False
Does 52 divide 14196?
True
Is 871 a multiple of 13?
True
Is 53 a factor of 2079?
False
Does 61 divide 808?
False
Is 15 a factor of 2179?
False
Is 9 a factor of 1132?
False
Is 9 a factor of 2880?
True
Does 23 divide 3648?
False
Does 180 divide 12060?
True
Does 5 divide 1114?
False
Is 8 a factor of 1408?
True
Is 201 a multiple of 4?
False
Is 4 a factor of 704?
True
Is 10109 a multiple of 11?
True
Is 23024 a multiple of 26?
False
Does 26 divide 7670?
True
Is 47 a factor of 2276?
False
Is 7 a factor of 119